rt 0 (base 5) to base 15.
0
-132 (base 8) to base 13
-6c
-70 (base 8) to base 2
-111000
What is -3 (base 14) in base 12?
-3
10 (base 5) to base 14
5
What is 12 (base 15) in base 8?
21
Convert -3 (base 11) to base 4.
-3
What is 71 (base 10) in base 7?
131
Convert b (base 16) to base 8.
13
What is -8 (base 9) in base 7?
-11
What is -2 (base 6) in base 16?
-2
Convert -127 (base 8) to base 5.
-322
a (base 13) to base 11
a
2 (base 3) to base 8
2
Convert -7 (base 15) to base 16.
-7
Convert 5 (base 11) to base 14.
5
-c (base 15) to base 10
-12
Convert -5 (base 9) to base 15.
-5
Convert -11101110 (base 2) to base 11.
-1a7
100 (base 4) to base 11
15
Convert 75 (base 8) to base 15.
41
a (base 15) to base 10
10
Convert 25 (base 7) to base 13.
16
Convert 3 (base 14) to base 8.
3
What is 56 (base 10) in base 11?
51
What is -3 (base 7) in base 16?
-3
What is -4 (base 13) in base 15?
-4
What is 13 (base 6) in base 5?
14
Convert a (base 12) to base 15.
a
Convert 13 (base 5) to base 9.
8
Convert 0 (base 4) to base 14.
0
-213 (base 5) to base 16
-3a
5 (base 13) to base 8
5
Convert 67 (base 11) to base 7.
133
What is -1 (base 14) in base 6?
-1
Convert -20 (base 8) to base 9.
-17
What is 322 (base 4) in base 15?
3d
Convert 312 (base 4) to base 16.
36
Convert -3 (base 11) to base 9.
-3
What is cc (base 16) in base 13?
129
Convert -2 (base 12) to base 11.
-2
11 (base 5) to base 13
6
Convert -e3 (base 16) to base 3.
-22102
Convert -146 (base 7) to base 5.
-313
What is 3 (base 13) in base 4?
3
What is 1a (base 15) in base 13?
1c
What is 0 (base 9) in base 12?
0
379 (base 10) to base 15
1a4
What is 4 (base 11) in base 10?
4
Convert 22 (base 6) to base 14.
10
What is -6 (base 7) in base 14?
-6
-441 (base 5) to base 15
-81
Convert -113 (base 5) to base 7.
-45
-2321 (base 5) to base 9
-413
What is 2 (base 5) in base 10?
2
What is -10 (base 2) in base 6?
-2
-10 (base 2) to base 11
-2
What is 1 (base 12) in base 10?
1
Convert 2211 (base 3) to base 12.
64
-3 (base 13) to base 15
-3
-5c (base 15) to base 12
-73
Convert -25 (base 11) to base 15.
-1c
What is 11 (base 10) in base 4?
23
What is -63 (base 8) in base 6?
-123
13 (base 5) to base 16
8
-10 (base 5) to base 16
-5
What is 74 (base 12) in base 15?
5d
What is -2 (base 11) in base 9?
-2
Convert -21 (base 15) to base 14.
-23
7 (base 16) to base 12
7
-151 (base 7) to base 3
-10011
What is -11 (base 2) in base 3?
-10
Convert -1 (base 6) to base 13.
-1
-54 (base 13) to base 3
-2120
3 (base 16) to base 4
3
Convert -3 (base 16) to base 15.
-3
Convert 33 (base 8) to base 4.
123
Convert 2 (base 13) to base 16.
2
Convert 7b (base 12) to base 4.
1133
3 (base 10) to base 3
10
What is -8 (base 15) in base 3?
-22
What is 0 (base 15) in base 13?
0
What is 1a (base 14) in base 12?
20
24 (base 5) to base 13
11
5 (base 6) to base 8
5
Convert 1a (base 16) to base 9.
28
161 (base 7) to base 9
112
Convert -4 (base 8) to base 10.
-4
107 (base 10) to base 16
6b
What is 35 (base 7) in base 3?
222
Convert -5 (base 15) to base 13.
-5
Convert -12 (base 3) to base 16.
-5
-11 (base 5) to base 4
-12
-26 (base 14) to base 4
-202
Convert -511 (base 6) to base 5.
-1222
What is 18 (base 10) in base 16?
12
What is -1 (base 13) in base 10?
-1
Convert 17 (base 11) to base 5.
33
What is -1 (base 6) in base 3?
-1
What is -12 (base 4) in base 3?
-20
Convert 0 (base 4) to base 10.
0
14 (base 13) to base 9
18
Convert 21 (base 5) to base 13.
b
What is 5 (base 15) in base 4?
11
Convert -44 (base 11) to base 14.
-36
Convert -100 (base 2) to base 10.
-4
What is -21 (base 5) in base 9?
-12
74 (base 10) to base 13
59
What is -31 (base 11) in base 9?
-37
4 (base 16) to base 7
4
Convert -12 (base 3) to base 6.
-5
4 (base 13) to base 9
4
5 (base 13) to base 6
5
What is -3 (base 7) in base 3?
-10
What is -1 (base 5) in base 13?
-1
Convert -235 (base 6) to base 3.
-10112
What is 1100001 (base 2) in base 3?
10121
-15 (base 7) to base 8
-14
What is 100100 (base 2) in base 16?
24
11 (base 12) to base 7
16
100 (base 4) to base 3
121
Convert -5 (base 7) to base 16.
-5
-5 (base 16) to base 6
-5
2 (base 3) to base 5
2
-61 (base 7) to base 12
-37
Convert -240 (base 5) to base 7.
-130
-20 (base 4) to base 11
-8
Convert -7 (base 8) to base 7.
-10
120 (base 4) to base 15
19
Convert 1 (base 10) to base 5.
1
What is -163 (base 10) in base 4?
-2203
What is -21 (base 12) in base 14?
-1b
Convert 1 (base 5) to base 7.
1
Convert 2 (base 3) to base 15.
2
Convert -3 (base 11) to base 10.
-3
What is -75 (base 11) in base 6?
-214
Convert -45 (base 6) to base 10.
-29
Convert -1 (base 9) to base 8.
-1
What is -a4 (base 14) in base 9?
-170
-412 (base 5) to base 4
-1223
Convert -20 (base 3) to base 2.
-110
-25 (base 7) to base 9
-21
-103 (base 14) to base 13
-124
4 (base 5) to base 3
11
What is -102 (base 3) in base 15?
-b
-101 (base 2) to base 13
-5
Convert 6 (base 15) to base 3.
20
-2220 (base 4) to base 9
-206
-1 (base 11) to base 8
-1
-a2 (base 16) to base 12
-116
-22 (base 7) to base 16
-10
Convert 11111 (base 2) to base 8.
37
What is -13 (base 16) in base 3?
-201
11 (base 6) to base 10
7
What is 217 (base 11) in base 9?
318
-7 (base 14) to base 3
-21
-6a (base 16) to base 6
-254
Convert 7 (base 16) to base 9.
7
What is 1 (base 6) in base 9?
1
-143 (base 11) to base 2
-10101000
What is 2 (base 8) in base 16?
2
What is 2 (base 3) in base 12?
2
What is -f2 (base 16) in base 2?
-11110010
Convert -3a (base 11) to base 16.
-2b
What is 10002 (base 3) in base 9?
102
Convert -37 (base 15) to base 11.
-48
What is -9 (base 13) in base 8?
-11
Convert -532 (base 6) to base 5.
-1300
Convert 1 (base 2) to base 6.
1
Convert 1c (base 13) to base 7.
34
-4 (base 14) to base 2
-100
1110 (base 3) to base 16
27
What is 3 (base 14) in base 8?
3
Convert -1 (base 5) to base 8.
-1
What is 61 (base 7) in base 16?
2b
-1 (base 5) to base 6
-1
-101000 (base 2) to base 13
-31
-1111100 (base 2) to base 5
-444
What is 11 (base 3) in base 16?
4
What is -2 (base 16) in base 2?
-10
What is -2 (base 4) in base 13?
-2
Convert -3 (base 9) to base 6.
-3
Convert -6 (base 13) to base 6.
-10
What is 1 (base 10) in base 11?
1
What is -7 (base 8) in base 4?
-13
What is bd (base 16) in base 10?
189
Convert 0 (base 3) to base 14.
0
Convert -bd (base 14) to base 9.
-205
Convert -114 (base 8) to base 12.
-64
-10d (base 14) to base 12
-155
What is -454 (base 6) in base 8?
-262
Convert 200 (base 3) to base 6.
30
Convert -31 (base 5) to base 12.
-14
-44 (base 15) to base 14
-48
Convert 10 (base 5) to base 10.
5
Convert 1010 (base 2) to base 5.
20
What is 6 (base 8) in base 5?
11
Convert 1 (base 16) to base 13.
1
-17 (base 13) to base 5
-40
Convert 3 (base 13) to base 15.
3
What is 9b (base 12) in base 9?
142
What is 0 (base 14) in base 3?
0
What is 203 (base 4) in base 2?
100011
Convert 20212 (base 3) to base 12.
135
What is -85 (base 9) in base 10?
-77
d (base 16) to base 2
1101
Convert -4 (base 7) to base 8.
-4
-11 (base 3) to base 10
-4
Convert -26 (base 7) to base 15.
-15
What is 2 (base 13) in base 10?
2
What is -7 (base 13) in base 3?
-21
Convert 1 (base 11) to base 14.
1
-1 (base 15) to base 14
-1
Convert -45 (base 6) to base 10.
-29
154 (base 7) to base 14
64
a (base 12) to base 2
1010
-3 (base 10) to base 15
-3
17 (base 8) to base 13
12
Convert -5 (base 13) to base 9.
-5
-48 (base 9) to base 10
-44
What is -2 (base 7) in base 10?
-2
Convert 2 (base 3) to base 6.
2
-102 (base 3) to base 7
-14
Convert 2121 (base 3) to base 2.
1000110
Convert 42 (base 10) to base 9.
46
What is 9 (base 10) in base 3?
100
What is 6a (base 14) in base 4?
1132
Convert -111 (base 3) to base 5.
-23
Convert 11 (base 3) to base 5.
4
What is -129 (base 11) in base 4?
-2120
What is 170 (base 12) in base 14?
124
What is -1 (base 7) in base 13?
-1
-13 (base 9) to base 11
-11
-4 (base 7) to base 6
-4
What is -4 (base 13) in base 16?
-4
109 (base 13) to base 6
454
What is e8 (base 16) in base 8?
350
Convert -c (base 13) to base 12.
-10
-45 (base 6) to base 13
-23
Convert 8 (base 14) to base 6.
12
What is 4 (base 14) in base 9?
4
Convert 58 (base 14) to base 10.
78
35 (base 10) to base 13
29
Convert -11101111 (base 2) to base 14.
-131
345 (base 6) to base 5
1022
27 (base 9) to base 14
1b
-10001 (base 2) to base 12
-15
Convert -11 (base 2) to base 7.
-3
Convert 3 (